{"id":193,"date":"2021-07-19T16:08:38","date_gmt":"2021-07-19T19:08:38","guid":{"rendered":"https:\/\/reiterar.com.br\/cobranca\/?page_id=193"},"modified":"2024-10-15T20:48:05","modified_gmt":"2024-10-15T23:48:05","slug":"cookie-policy","status":"publish","type":"page","link":"https:\/\/reiterar.com.br\/cobranca\/cookie-policy\/","title":{"rendered":"Pol\u00edtica de Privacidade \/ LGPD"},"content":{"rendered":"\t\t<div data-elementor-type=\"wp-page\" data-elementor-id=\"193\" class=\"elementor elementor-193\" data-elementor-post-type=\"page\">\n\t\t\t\t\t\t<section class=\"elementor-section elementor-top-section elementor-element elementor-element-f7487ad elementor-section-boxed elementor-section-height-default elementor-section-height-default\" data-id=\"f7487ad\" data-element_type=\"section\">\n\t\t\t\t\t\t<div class=\"elementor-container elementor-column-gap-default\">\n\t\t\t\t\t<div class=\"elementor-column elementor-col-100 elementor-top-column elementor-element elementor-element-6442d73\" data-id=\"6442d73\" data-element_type=\"column\">\n\t\t\t<div class=\"elementor-widget-wrap elementor-element-populated\">\n\t\t\t\t\t\t<div class=\"elementor-element elementor-element-37f7d56 elementor-widget elementor-widget-text-editor\" data-id=\"37f7d56\" data-element_type=\"widget\" data-widget_type=\"text-editor.default\">\n\t\t\t\t<div class=\"elementor-widget-container\">\n\t\t\t\t\t\t\t<h2 style=\"box-sizing: inherit; font-size: 2.35294rem; font-style: normal; line-height: 1.3; font-family: Merriweather, serif;\"><span style=\"box-sizing: inherit;\">\u00a0<\/span><\/h2><h2 style=\"box-sizing: inherit; font-size: 2.35294rem; font-style: normal; line-height: 1.3; font-family: Merriweather, serif;\"><span style=\"box-sizing: inherit;\">Pol\u00edtica de Privacidade \/ LGPD<\/span><\/h2><p style=\"box-sizing: inherit; font-size: 17px; font-style: normal; font-weight: 400; color: #4e5652; font-family: Inter, sans-serif;\">\u00a0<\/p><p style=\"box-sizing: inherit; font-size: 17px; font-style: normal; font-weight: 400; color: #4e5652; font-family: Inter, sans-serif;\"><span style=\"font-style: inherit; font-weight: 600; font-size: 16px; color: var( --e-global-color-text ); font-family: Roboto, sans-serif; background-color: var(--ast-global-color-5);\">A\u00a0<\/span><b style=\"font-style: inherit; font-size: 16px; color: var( --e-global-color-text ); font-family: Roboto, sans-serif; background-color: var(--ast-global-color-5);\">Reiterar Cobran\u00e7as<\/b><span style=\"font-style: inherit; font-weight: inherit; font-size: 16px; color: var( --e-global-color-text ); font-family: Roboto, sans-serif; background-color: var(--ast-global-color-5);\">, tem o objetivo e a responsabilidade em respeitar a sua privacidade. Por isso, atuamos para manter a confidencialidade das suas informac\u0327\u00f5es com seguran\u00e7a e transpar\u00eancia.<\/span><\/p><p>A presente Poli\u0301tica de Privacidade descreve as informa\u00e7\u00f5es pessoais que coletamos dos clientes, potenciais clientes, visitantes dos nossos sites e parceiros. Informamos o tratamento de dados, a forma de uso, como s\u00e3o armazenados e compartilhados, al\u00e9m de apresentar os seus direitos frente \u00e0 essas informa\u00e7\u00f5es.<\/p><p>Ao aceitar os termos dessa Pol\u00edtica de Privacidade, voc\u00ea est\u00e1 ciente de que ser\u00e1 a pessoa jur\u00eddica Reiterar Servi\u00e7os Empresariais Ltda, estabelecida na R DR ZUQUIM 1720 Sala 23, bairro Santana, S\u00e3o Paulo\/SP, CNPJ n\u00ba 04.057.140\/0001-57, ser\u00e1 o agente de tratamento (OPERADOR) dos seus dados pessoais.<\/p><p>Na qualidade de OPERADOR dos dados pessoais, atuaremos em nome de quem nos fornece os dados (CONTROLADOR). Toda e qualquer decis\u00e3o referente ao tratamento dos dados pessoais \u00e9 tomada exclusivamente pelo Controlador dos dados.<\/p><h4>CAP\u00cdTULO 1 \u2014 QUAIS DADOS S\u00c3O COLETADOS E O QUE FAZEMOS COM ESTAS\u00a0INFORMA\u00c7\u00d5ES?<\/h4><p>Ao realizar qualquer cadastro em nossos formul\u00e1rios, nas importa\u00e7\u00f5es atrav\u00e9s de arquivo, realizar qualquer transa\u00e7\u00e3o, coletamos algumas informa\u00e7\u00f5es pessoais, quais sejam: Nome ou raz\u00e3o social, Identidade, CPF ou CNPJ, e-mail, telefone, profiss\u00e3o, estado civil e endere\u00e7o.<\/p><p>Possu\u00edmos uma pol\u00edtica de Cookies para facilitar a navega\u00e7\u00e3o em nosso site. Cookies s\u00e3o pequenos arquivos de texto que ficam salvos no navegador. Esses documentos s\u00e3o criados para registrarmos as suas escolhas para podermos atend\u00ea-lo de uma maneira melhor e eficaz.<\/p><p>No que se refere a nossa comunica\u00e7\u00e3o, n\u00e3o temos o costume de utilizar a ferramenta do e-mail marketing. Caso tal ferramenta seja utilizada, voc\u00ea poder\u00e1 se descadastrar atrav\u00e9s do link que ser\u00e1 enviado juntamente com tais e-mails.<\/p><p>Ao contratar os nossos servi\u00e7os, voc\u00ea est\u00e1\u00a0<b>autorizando a nossa empresa a fazer contato telef\u00f4nico ou por e-mail com os seus devedores a fim de efetuar a cobran\u00e7a do cr\u00e9dito que lhe pertence.<\/b>\u00a0Ao mesmo tempo, garante que os dados pessoais e os dados pessoais sens\u00edveis dos seus devedores foram coletados de forma correta e respeitando todos os princ\u00edpios e direitos estabelecidos pela Lei Geral de Prote\u00e7\u00e3o de Dados (LGPD).<\/p><p>Voc\u00ea tamb\u00e9m est\u00e1 ciente de que, mesmo ap\u00f3s fornecer os dados pessoais e os dados pessoais sens\u00edveis dos seus devedores\/clientes para a nossa empresa, permanecer\u00e1 como CONTROLADOR dos dados, ou seja, todas as decis\u00f5es relativas ao tratamento dos referidos dados ser\u00e3o de sua responsabilidade, sendo que a nossa empresa atuar\u00e1 simplesmente como OPERADORA dos dados, ou seja, realizar\u00e1 o tratamento dos dados conforme as suas orienta\u00e7\u00f5es.<\/p><p>\u00a0<\/p><h4><b>CAP\u00cdTULO 2 \u2013 DA FORMA DE UTILIZA\u00c7\u00c3O DOS COOKIES.<\/b><\/h4><p>Utilizamos cookies para aprimorar a experi\u00eancia de uso do sistema por parte do Usu\u00e1rio a fim de melhor atender aos seus interesses e necessidades. O Usu\u00e1rio poder\u00e1, a qualquer momento, revogar seu consentimento quanto aos cookies.<\/p><p>Importante lembrar que, caso o Usu\u00e1rio n\u00e3o aceite algum dos cookies utilizados por n\u00f3s, a qualidade dos servi\u00e7os poder\u00e1 ser severamente afetada.<\/p><p>\u00a0<\/p><h4><b>CAP\u00cdTULO 3 \u2014 DO CONSENTIMENTO.<\/b><\/h4><p>Todos os dados pessoais e dados pessoais sens\u00edveis fornecidos por voc\u00ea \u00e0 nossa empresa devem ser coletados de acordo com as regras e princ\u00edpios da LGPD, especialmente no que se refere as bases legais para a realiza\u00e7\u00e3o do tratamento dos dados. Caso voc\u00ea utilize o consentimento como base legal para o tratamento dos dados pessoais e dos dados sens\u00edveis, o mesmo deve ser obtido de forma expressa (ou de forma an\u00e1loga que seja poss\u00edvel comprovar a sua exist\u00eancia), indicar a esp\u00e9cie de tratamento de dados a ser realizado, conter a finalidade do tratamento dos dados e a previs\u00e3o de compartilhamento dos dados.<\/p><p><b>E caso voc\u00ea queira retirar seu consentimento, como proceder?<\/b><\/p><p>Caso n\u00e3o tenha mais interesse em que a nossa empresa continue realizando o tratamento dos dados por voc\u00ea fornecidos, basta retirar o seu consentimento a qualquer momento, entrando em contato conosco pelo e-mail:\u00a0<b>atendimento@reiterar.com.br<\/b>.<\/p><p>Ap\u00f3s a retirada do consentimento, o tratamento dos dados pessoais e dos dados pessoais sens\u00edveis ser\u00e1 imediatamente interrompido, salvo se houver alguma determina\u00e7\u00e3o legal que nos obrigue a manter o tratamento dos dados.<\/p><h4><b>CAP\u00cdTULO 4 \u2013 DO SERVI\u00c7O DE TERCEIROS.<\/b><\/h4><p>Todos os nossos fornecedores de servi\u00e7os terceirizados devem possuir as suas pr\u00f3prias pol\u00edticas de privacidade e sugerimos que as mesmas sejam lidas por voc\u00ea. Caso n\u00e3o possuam uma pol\u00edtica pr\u00e9-definida, voc\u00ea poder\u00e1 consult\u00e1-los a fim de se informar da exist\u00eancia, ou n\u00e3o, da referida pol\u00edtica de privacidade e, com base nas informa\u00e7\u00f5es recebidas, optar se desejam autorizar, ou n\u00e3o, o tratamento de dados.<\/p><h4><b>CAP\u00cdTULO 5 \u2013 DAS MEDIDAS DE SEGURAN\u00c7A.<\/b><\/h4><p>A fim de proteger suas informa\u00e7\u00f5es pessoais, tomamos precau\u00e7\u00f5es razo\u00e1veis e seguimos as melhores pr\u00e1ticas de seguran\u00e7a da informa\u00e7\u00e3o. Os dados pessoais ser\u00e3o armazenados em ambiente seguro e controlado a fim de que n\u00e3o ocorram extravios, acessos indevidos, divulga\u00e7\u00f5es, altera\u00e7\u00f5es e qualquer outra forma indevida de tratamento de dados.<\/p><p>Lembramos que nenhum m\u00e9todo de transmiss\u00e3o pela Internet ou armazenamento eletr\u00f4nico \u00e9 100% seguro, mas as nossas medidas de seguran\u00e7a e prote\u00e7\u00e3o dos dados s\u00e3o totalmente praticadas pela ind\u00fastria, com\u00e9rcio de modo geral e prestadores de servi\u00e7os.<\/p><p>Todos os nossos colaboradores foram treinados para atuarem de acordo com os princ\u00edpios gerais da Lei Geral de Prote\u00e7\u00e3o de Dados e permanecem em atualiza\u00e7\u00e3o constante a fim de preservar todos os seus direitos.<\/p><h4><b>CAP\u00cdTULO 6 \u2013 RETEN\u00c7\u00c3O DOS DADOS.<\/b><\/h4><p>Os dados coletados pela empresa possuem finalidade espec\u00edfica que justifica o seu tratamento. Tais finalidades s\u00e3o claramente informadas \u00e0 voc\u00ea a fim de que tenha conhecimento dos motivos pelos quais os dados est\u00e3o sendo fornecidos.<\/p><p>Ap\u00f3s o cumprimento da finalidade,\u00a0<b>os dados pessoais e os dados sens\u00edveis ser\u00e3o automaticamente eliminados, salvo se houver determina\u00e7\u00e3o legal ou regulat\u00f3ria que determinem a reten\u00e7\u00e3o dos dados por determinado per\u00edodo de tempo.<\/b><\/p><p>S\u00e3o consideradas bases legais que determinam a reten\u00e7\u00e3o dos dados pessoais e dos dados sens\u00edveis por parte da nossa empresa as situa\u00e7\u00f5es descritas na tabela abaixo:<\/p><p>\u2013\u00a0Execu\u00e7\u00e3o de contrato\/dilig\u00eancia pr\u00e9-contratual;<\/p><p>\u2013\u00a0Leg\u00edtimo interesse;<\/p><p>\u2013\u00a0Prote\u00e7\u00e3o do cr\u00e9dito e<\/p><p>\u2013\u00a0Cumprimento de obriga\u00e7\u00e3o legal\/regulat\u00f3ria.<\/p><p><b>C<\/b>AP\u00cdTULO 7 \u2014 SEUS DIREITOS COMO TITULAR DE DADOS PESSOAIS.<\/p><p>Em cumprimento \u00e0 regulamenta\u00e7\u00e3o aplic\u00e1vel, est\u00e3o assegurados os seguintes direitos ao titular dos dados pessoais e dados sens\u00edveis:<\/p><p>I) a confirma\u00e7\u00e3o da exist\u00eancia de tratamento;<\/p><p>II) o acesso aos dados;<\/p><p>III) a corre\u00e7\u00e3o de dados incompletos, inexatos ou desatualizados;<\/p><p>IV) a anonimiza\u00e7\u00e3o, bloqueio ou elimina\u00e7\u00e3o de dados desnecess\u00e1rios, excessivos ou tratados em desconformidade;<\/p><p>V) a portabilidade de seus dados a outro fornecedor de servi\u00e7o ou produto, mediante requisi\u00e7\u00e3o expressa pelo Usu\u00e1rio;<\/p><p>VI) a elimina\u00e7\u00e3o dos dados tratados com consentimento do Usu\u00e1rio;<\/p><p>VII) a obten\u00e7\u00e3o de informa\u00e7\u00f5es sobre quem compartilhamos seus dados;<\/p><p>VIII) a informa\u00e7\u00e3o sobre a possibilidade de n\u00e3o fornecer o seu consentimento, bem como de ser informado sobre as consequ\u00eancias, em caso de negativa;<\/p><p>IX) a revoga\u00e7\u00e3o do consentimento.<\/p><p>Para exercer os direitos acima descritos, dever\u00e1 entrar em contato conosco atrav\u00e9s do e-mail:\u00a0<b>atendimento@reiterar.com.br<\/b>.<\/p><h4><b>CAP\u00cdTULO 8 \u2013 DOS PRINC\u00cdPIOS DA PRESENTE POL\u00cdTICA DE PRIVACIDADE.<\/b><\/h4><p>A Pol\u00edtica de Privacidade implantada atende aos seguintes princ\u00edpios:<\/p><p>\u2013\u00a0<b>Finalidade:<\/b>\u00a0o tratamento dos dados atende a prop\u00f3sitos leg\u00edtimos, espec\u00edficos, expl\u00edcitos e informados ao titular dos dados;<\/p><p>\u2013\u00a0<b>Adequa\u00e7\u00e3o:<\/b>\u00a0compatibilidade do tratamento com a finalidade informada ao titular dos dados;<\/p><p>\u2013\u00a0<b>Necessidade:<\/b>\u00a0limita\u00e7\u00e3o do tratamento ao m\u00ednimo necess\u00e1rio para a realiza\u00e7\u00e3o de suas finalidades, devendo os dados ser pertinentes, necess\u00e1rios e n\u00e3o excessivos em raz\u00e3o da finalidade informada.<\/p><p>\u2013\u00a0<b>Livre Acesso:<\/b>\u00a0garantia aos usu\u00e1rios de consulta facilitada e gratuita sobre a forma e dura\u00e7\u00e3o do tratamento dos dados, bem como a integralidade os dados pessoais.<\/p><p>\u2013\u00a0<b>Qualidade dos Dados:<\/b>\u00a0garantia de exatid\u00e3o, clareza e relev\u00e2ncia dos dados de acordo com a necessidade para o cumprimento da finalidade de seu tratamento.<\/p><p>\u2013\u00a0<b>Transpar\u00eancia:<\/b>\u00a0informa\u00e7\u00f5es claras, precisas e de f\u00e1cil acesso sobre a realiza\u00e7\u00e3o do tratamento e dos seus respectivos agentes.<\/p><p>\u2013\u00a0<b>Seguran\u00e7a:<\/b>\u00a0ado\u00e7\u00e3o de medidas t\u00e9cnicas e administrativas para proteger os dados pessoais de acessos n\u00e3o autorizados e de outros eventuais incidentes.<\/p><p>\u2013\u00a0<b>Preven\u00e7\u00e3o:<\/b>\u00a0atua\u00e7\u00e3o preventiva quanto a ocorr\u00eancia de danos em virtude do tratamento de dados pessoais.<\/p><p>\u2013\u00a0<b>N\u00e3o Discrimina\u00e7\u00e3o:<\/b>\u00a0impossibilidade de realiza\u00e7\u00e3o do tratamento de dados para fins discriminat\u00f3rios, abusivos ou il\u00edcitos.<\/p><h4><b>CAP\u00cdTULO 9 \u2013 TRANSFER\u00caNCIA INTERNACIONAL DE DADOS.<\/b><\/h4><p>N\u00e3o transferimos, sem autoriza\u00e7\u00e3o, dados pessoais coletados no Brasil para outros pa\u00edses. Em caso de transfer\u00eancia internacional de dados, poderemos utilizar servi\u00e7os de terceiros que buscam adotar padr\u00f5es adequados em privacidade e prote\u00e7\u00e3o de dados pessoais.<\/p><h4><b>CAP\u00cdTULO 10 \u2013 COM QUEM COMPARTILHAREMOS OS DADOS:<\/b><\/h4><p>O compartilhamento dos dados ser\u00e1 realizado internamente, ou seja, com os funcion\u00e1rios necess\u00e1rios para a execu\u00e7\u00e3o do contrato de presta\u00e7\u00e3o de servi\u00e7os e com profissionais externos tamb\u00e9m relacionados \u00e0 execu\u00e7\u00e3o do contrato. Caso seja necess\u00e1rio compartilhar os dados com outras pessoas n\u00e3o relacionadas acima, o cliente ser\u00e1 previamente informado e solicitado a autoriza\u00e7\u00e3o.<\/p><h4><b>CAP\u00cdTULO 11 \u2014 ALTERA\u00c7\u00d5ES PARA ESSA POL\u00cdTICA DE PRIVACIDADE.<\/b><\/h4><p>A nossa pol\u00edtica de privacidade \u00e9 revisada constantemente a fim de manter atualizada todas as medidas de seguran\u00e7a para que os princ\u00edpios da Lei Geral de Prote\u00e7\u00e3o de Dados sejam preservados juntamente com os seus direitos. Logo, \u00e9 importante que voc\u00ea revise-a com frequ\u00eancia.<\/p><h4><b>CAP\u00cdTULO 12 \u2013 LEGISLA\u00c7\u00c3O E FORO.<\/b><\/h4><p>A presente Pol\u00edtica de Privacidade foi redigida com base da Lei n\u00ba 13.709\/2018, sem preju\u00edzo das demais legisla\u00e7\u00f5es que tratam da privacidade de dados.\u00a0<\/p><p>Atualizado 27 de junho de 2023.\u00a0<\/p>\t\t\t\t\t\t<\/div>\n\t\t\t\t<\/div>\n\t\t\t\t\t<\/div>\n\t\t<\/div>\n\t\t\t\t\t<\/div>\n\t\t<\/section>\n\t\t\t\t<\/div>\n\t\t","protected":false},"excerpt":{"rendered":"<p>\u00a0 Pol\u00edtica de Privacidade \/ LGPD \u00a0 A\u00a0Reiterar Cobran\u00e7as, tem o objetivo e a responsabilidade em respeitar a sua privacidade. Por isso, atuamos para manter a confidencialidade das suas informac\u0327\u00f5es com seguran\u00e7a e transpar\u00eancia. A presente Poli\u0301tica de Privacidade descreve as informa\u00e7\u00f5es pessoais que coletamos dos clientes, potenciais clientes, visitantes dos nossos sites e parceiros. [&hellip;]<\/p>\n","protected":false},"author":1,"featured_media":0,"parent":0,"menu_order":0,"comment_status":"closed","ping_status":"closed","template":"","meta":{"footnotes":""},"class_list":["post-193","page","type-page","status-publish","hentry"],"yoast_head":"<!-- This site is optimized with the Yoast SEO plugin v23.7 - https:\/\/yoast.com\/wordpress\/plugins\/seo\/ -->\n<title>Pol\u00edtica de Privacidade \/ LGPD &#187; Empresa de Cobran\u00e7a Reiterar<\/title>\n<meta name=\"robots\" content=\"index, follow, max-snippet:-1, max-image-preview:large, max-video-preview:-1\" \/>\n<link rel=\"canonical\" href=\"https:\/\/reiterar.com.br\/cobranca\/cookie-policy\/\" \/>\n<meta property=\"og:locale\" content=\"pt_BR\" \/>\n<meta property=\"og:type\" content=\"article\" \/>\n<meta property=\"og:title\" content=\"Pol\u00edtica de Privacidade \/ LGPD &#187; Empresa de Cobran\u00e7a Reiterar\" \/>\n<meta property=\"og:description\" content=\"\u00a0 Pol\u00edtica de Privacidade \/ LGPD \u00a0 A\u00a0Reiterar Cobran\u00e7as, tem o objetivo e a responsabilidade em respeitar a sua privacidade. Por isso, atuamos para manter a confidencialidade das suas informac\u0327\u00f5es com seguran\u00e7a e transpar\u00eancia. A presente Poli\u0301tica de Privacidade descreve as informa\u00e7\u00f5es pessoais que coletamos dos clientes, potenciais clientes, visitantes dos nossos sites e parceiros. [&hellip;]\" \/>\n<meta property=\"og:url\" content=\"https:\/\/reiterar.com.br\/cobranca\/cookie-policy\/\" \/>\n<meta property=\"og:site_name\" content=\"Empresa de Cobran\u00e7a Reiterar\" \/>\n<meta property=\"article:publisher\" content=\"https:\/\/www.facebook.com\/reiterar\" \/>\n<meta property=\"article:modified_time\" content=\"2024-10-15T23:48:05+00:00\" \/>\n<meta name=\"twitter:card\" content=\"summary_large_image\" \/>\n<meta name=\"twitter:label1\" content=\"Est. tempo de leitura\" \/>\n\t<meta name=\"twitter:data1\" content=\"9 minutos\" \/>\n<script type=\"application\/ld+json\" class=\"yoast-schema-graph\">{\"@context\":\"https:\/\/schema.org\",\"@graph\":[{\"@type\":\"WebPage\",\"@id\":\"https:\/\/reiterar.com.br\/cobranca\/cookie-policy\/\",\"url\":\"https:\/\/reiterar.com.br\/cobranca\/cookie-policy\/\",\"name\":\"Pol\u00edtica de Privacidade \/ LGPD &#187; Empresa de Cobran\u00e7a Reiterar\",\"isPartOf\":{\"@id\":\"https:\/\/reiterar.com.br\/cobranca\/#website\"},\"datePublished\":\"2021-07-19T19:08:38+00:00\",\"dateModified\":\"2024-10-15T23:48:05+00:00\",\"breadcrumb\":{\"@id\":\"https:\/\/reiterar.com.br\/cobranca\/cookie-policy\/#breadcrumb\"},\"inLanguage\":\"pt-BR\",\"potentialAction\":[{\"@type\":\"ReadAction\",\"target\":[\"https:\/\/reiterar.com.br\/cobranca\/cookie-policy\/\"]}]},{\"@type\":\"BreadcrumbList\",\"@id\":\"https:\/\/reiterar.com.br\/cobranca\/cookie-policy\/#breadcrumb\",\"itemListElement\":[{\"@type\":\"ListItem\",\"position\":1,\"name\":\"In\u00edcio\",\"item\":\"https:\/\/reiterar.com.br\/cobranca\/\"},{\"@type\":\"ListItem\",\"position\":2,\"name\":\"Pol\u00edtica de Privacidade \/ LGPD\"}]},{\"@type\":\"WebSite\",\"@id\":\"https:\/\/reiterar.com.br\/cobranca\/#website\",\"url\":\"https:\/\/reiterar.com.br\/cobranca\/\",\"name\":\"Empresa de cobran\u00e7a\",\"description\":\"Realizamos cobran\u00e7as extrajudiciais e judiciais\",\"publisher\":{\"@id\":\"https:\/\/reiterar.com.br\/cobranca\/#organization\"},\"alternateName\":\"Reiterar\",\"potentialAction\":[{\"@type\":\"SearchAction\",\"target\":{\"@type\":\"EntryPoint\",\"urlTemplate\":\"https:\/\/reiterar.com.br\/cobranca\/?s={search_term_string}\"},\"query-input\":{\"@type\":\"PropertyValueSpecification\",\"valueRequired\":true,\"valueName\":\"search_term_string\"}}],\"inLanguage\":\"pt-BR\"},{\"@type\":\"Organization\",\"@id\":\"https:\/\/reiterar.com.br\/cobranca\/#organization\",\"name\":\"Reiterar Cobran\u00e7as\",\"alternateName\":\"Reiterar\",\"url\":\"https:\/\/reiterar.com.br\/cobranca\/\",\"logo\":{\"@type\":\"ImageObject\",\"inLanguage\":\"pt-BR\",\"@id\":\"https:\/\/reiterar.com.br\/cobranca\/#\/schema\/logo\/image\/\",\"url\":\"https:\/\/i0.wp.com\/reiterar.com.br\/cobranca\/wp-content\/uploads\/2021\/06\/IconOnly.png?fit=1280%2C1024&ssl=1\",\"contentUrl\":\"https:\/\/i0.wp.com\/reiterar.com.br\/cobranca\/wp-content\/uploads\/2021\/06\/IconOnly.png?fit=1280%2C1024&ssl=1\",\"width\":1280,\"height\":1024,\"caption\":\"Reiterar Cobran\u00e7as\"},\"image\":{\"@id\":\"https:\/\/reiterar.com.br\/cobranca\/#\/schema\/logo\/image\/\"},\"sameAs\":[\"https:\/\/www.facebook.com\/reiterar\"]}]}<\/script>\n<!-- \/ Yoast SEO plugin. -->","yoast_head_json":{"title":"Pol\u00edtica de Privacidade \/ LGPD &#187; Empresa de Cobran\u00e7a Reiterar","robots":{"index":"index","follow":"follow","max-snippet":"max-snippet:-1","max-image-preview":"max-image-preview:large","max-video-preview":"max-video-preview:-1"},"canonical":"https:\/\/reiterar.com.br\/cobranca\/cookie-policy\/","og_locale":"pt_BR","og_type":"article","og_title":"Pol\u00edtica de Privacidade \/ LGPD &#187; Empresa de Cobran\u00e7a Reiterar","og_description":"\u00a0 Pol\u00edtica de Privacidade \/ LGPD \u00a0 A\u00a0Reiterar Cobran\u00e7as, tem o objetivo e a responsabilidade em respeitar a sua privacidade. Por isso, atuamos para manter a confidencialidade das suas informac\u0327\u00f5es com seguran\u00e7a e transpar\u00eancia. A presente Poli\u0301tica de Privacidade descreve as informa\u00e7\u00f5es pessoais que coletamos dos clientes, potenciais clientes, visitantes dos nossos sites e parceiros. [&hellip;]","og_url":"https:\/\/reiterar.com.br\/cobranca\/cookie-policy\/","og_site_name":"Empresa de Cobran\u00e7a Reiterar","article_publisher":"https:\/\/www.facebook.com\/reiterar","article_modified_time":"2024-10-15T23:48:05+00:00","twitter_card":"summary_large_image","twitter_misc":{"Est. tempo de leitura":"9 minutos"},"schema":{"@context":"https:\/\/schema.org","@graph":[{"@type":"WebPage","@id":"https:\/\/reiterar.com.br\/cobranca\/cookie-policy\/","url":"https:\/\/reiterar.com.br\/cobranca\/cookie-policy\/","name":"Pol\u00edtica de Privacidade \/ LGPD &#187; Empresa de Cobran\u00e7a Reiterar","isPartOf":{"@id":"https:\/\/reiterar.com.br\/cobranca\/#website"},"datePublished":"2021-07-19T19:08:38+00:00","dateModified":"2024-10-15T23:48:05+00:00","breadcrumb":{"@id":"https:\/\/reiterar.com.br\/cobranca\/cookie-policy\/#breadcrumb"},"inLanguage":"pt-BR","potentialAction":[{"@type":"ReadAction","target":["https:\/\/reiterar.com.br\/cobranca\/cookie-policy\/"]}]},{"@type":"BreadcrumbList","@id":"https:\/\/reiterar.com.br\/cobranca\/cookie-policy\/#breadcrumb","itemListElement":[{"@type":"ListItem","position":1,"name":"In\u00edcio","item":"https:\/\/reiterar.com.br\/cobranca\/"},{"@type":"ListItem","position":2,"name":"Pol\u00edtica de Privacidade \/ LGPD"}]},{"@type":"WebSite","@id":"https:\/\/reiterar.com.br\/cobranca\/#website","url":"https:\/\/reiterar.com.br\/cobranca\/","name":"Empresa de cobran\u00e7a","description":"Realizamos cobran\u00e7as extrajudiciais e judiciais","publisher":{"@id":"https:\/\/reiterar.com.br\/cobranca\/#organization"},"alternateName":"Reiterar","potentialAction":[{"@type":"SearchAction","target":{"@type":"EntryPoint","urlTemplate":"https:\/\/reiterar.com.br\/cobranca\/?s={search_term_string}"},"query-input":{"@type":"PropertyValueSpecification","valueRequired":true,"valueName":"search_term_string"}}],"inLanguage":"pt-BR"},{"@type":"Organization","@id":"https:\/\/reiterar.com.br\/cobranca\/#organization","name":"Reiterar Cobran\u00e7as","alternateName":"Reiterar","url":"https:\/\/reiterar.com.br\/cobranca\/","logo":{"@type":"ImageObject","inLanguage":"pt-BR","@id":"https:\/\/reiterar.com.br\/cobranca\/#\/schema\/logo\/image\/","url":"https:\/\/i0.wp.com\/reiterar.com.br\/cobranca\/wp-content\/uploads\/2021\/06\/IconOnly.png?fit=1280%2C1024&ssl=1","contentUrl":"https:\/\/i0.wp.com\/reiterar.com.br\/cobranca\/wp-content\/uploads\/2021\/06\/IconOnly.png?fit=1280%2C1024&ssl=1","width":1280,"height":1024,"caption":"Reiterar Cobran\u00e7as"},"image":{"@id":"https:\/\/reiterar.com.br\/cobranca\/#\/schema\/logo\/image\/"},"sameAs":["https:\/\/www.facebook.com\/reiterar"]}]}},"jetpack_sharing_enabled":true,"_links":{"self":[{"href":"https:\/\/reiterar.com.br\/cobranca\/wp-json\/wp\/v2\/pages\/193","targetHints":{"allow":["GET"]}}],"collection":[{"href":"https:\/\/reiterar.com.br\/cobranca\/wp-json\/wp\/v2\/pages"}],"about":[{"href":"https:\/\/reiterar.com.br\/cobranca\/wp-json\/wp\/v2\/types\/page"}],"author":[{"embeddable":true,"href":"https:\/\/reiterar.com.br\/cobranca\/wp-json\/wp\/v2\/users\/1"}],"replies":[{"embeddable":true,"href":"https:\/\/reiterar.com.br\/cobranca\/wp-json\/wp\/v2\/comments?post=193"}],"version-history":[{"count":31,"href":"https:\/\/reiterar.com.br\/cobranca\/wp-json\/wp\/v2\/pages\/193\/revisions"}],"predecessor-version":[{"id":1239,"href":"https:\/\/reiterar.com.br\/cobranca\/wp-json\/wp\/v2\/pages\/193\/revisions\/1239"}],"wp:attachment":[{"href":"https:\/\/reiterar.com.br\/cobranca\/wp-json\/wp\/v2\/media?parent=193"}],"curies":[{"name":"wp","href":"https:\/\/api.w.org\/{rel}","templated":true}]}}